a) = -15*a**3 - 4*a**2 - a - 1. Let p be w(-2). Suppose 5*v + c = 38 + z, -3*c = 5*v - p. What is the tens digit of v?
2
Let r = -2243 - -3377. What is the thousands digit of r?
1
Let s(x) = -x**3 + 17*x**2 - 18*x - 18. Let a be s(13). Suppose -7*h - a = -11*h. What is the units digit of h?
6
What is the hundreds digit of (-3030)/(-27) - 8/36?
1
Suppose -24*z - 988 = -76*z. What is the units digit of z?
9
Let o(c) = c**2 + 7*c + 4. Suppose -4*q + 35 = -9*q. Let n be o(q). Suppose -j + 4*d + 13 = -30, -5*j + n*d + 167 = 0. What is the tens digit of j?
3
Let k(y) be the first derivative of 2*y**3/3 - 5*y**2/2 + 2*y + 6. Let t be k(6). Let l = -3 + t. What is the units digit of l?
1
Suppose 0 = -4*n + 2*y + 245 + 687, -n = -3*y - 243. Suppose 0 = -7*s - 0*s + n. What is the units digit of s?
3
What is the units digit of 9*(-2 - -6)*6?
6
Suppose -2*i - 42159 = -25*i. What is the hundreds digit of i?
8
Let j(y) = 3*y + 4. Suppose -13 = 3*s + 2*z, 0 = 3*s - z - z + 5. Let n be 3/(-2*s/18). What is the units digit of j(n)?
1
Suppose -5*p + 25 = 5. Suppose -i = -p*i. Suppose 2*c + c = -12, i = 4*s - c - 100. What is the tens digit of s?
2
Suppose p + 5 = y - 7, -p + 15 = 2*y. What is the tens digit of ((-50)/3)/((-3)/y)?
5
Let o(s) = -258*s**3 - 8*s**2 - 20*s - 5. What is the units digit of o(-2)?
7
Let j(s) = -s**2 - 2*s + 6. Let w be j(-4). Let y be (28 + -10)*w/4. Let a(i) = i**3 + 8*i**2 - 10*i + 1. What is the tens digit of a(y)?
1
Let v(p) = 4*p - 11. Suppose -4*r + 7*n = 3*n, -3*r = n - 12. Let g be -4 + 1 + r*4. What is the tens digit of v(g)?
2
Let k be (2/6)/(5/(-15) + 0). Let t(a) be the first derivative of 5*a**3 - a**2/2 - 2*a + 1. What is the units digit of t(k)?
4
Suppose -c = 2*h + 17, 3*h = -c + 3*c + 20. Let b be (1 - 1)*c/26. Suppose b = -4*t - 48 + 192. What is the units digit of t?
6
Let l = 1609 - -790. What is the thousands digit of l?
2
Let g(s) = 17*s + 1. Suppose -b + 4 = 3. Suppose -2*o - 1 = w + b, o - 2*w = 9. What is the tens digit of g(o)?
1
Let f = 16 - 0. Let a = -14 + f. Suppose -3*r - a*r + 55 = 0. What is the units digit of r?
1
Suppose 5*m + 8 = 23. Let n(o) = -o**3 + 0*o**3 + 2*o**3 + 5*o**2 - 2*o**m + 7*o. What is the units digit of n(6)?
6
What is the tens digit of (4 - 18/4) + 2580/8?
2
Suppose 1442 = 2*d - 3244. What is the tens digit of d?
4
Let y be 1/1 + 4 + (40 - 20). Let o(z) = -z**3 + 7*z**2 - 7*z. Let q be o(5). What is the tens digit of q/y - 188/(-20)?
1
Let v = 26 + -27. What is the units digit of (3 + v + -3)*-62?
2
What is the thousands digit of (16893/(-6))/(90/(-60))?
1
Let w(n) = 447*n - 86. What is the thousands digit of w(8)?
3
Suppose 0 = 3*m + 15, -4*m = -3*n - 402 + 7337. What is the thousands digit of n?
2
Let w(u) = -2 + u**3 - 6*u + 3*u - 6*u**2 - 2*u - u**2. What is the units digit of w(9)?
5
Let p(w) = 52*w**2 - 11*w - 52. What is the thousands digit of p(-5)?
1
Suppose 2*x - 3*x = -3*z + 9, 5*z = 0. Let q be 3 + (x - (-1 - -1)). Let d = q + 7. What is the units digit of d?
1
Let s(u) = -4*u**3 + 2*u + 1. Let v be s(-1). Suppose v*q - 64 + 1 = 0. Let b = q - 15. What is the units digit of b?
6
Suppose -3 = -3*b - 9. Let r be 6 + -6 - (-2 - b). Let c = 1 - r. What is the units digit of c?
1
What is the tens digit of -1*(4 - 3 - 5) - -39?
4
Let y be 3 + (-5)/((-5)/4). Suppose -3*h - y*q + 2*q + 209 = 0, h - 55 = 2*q. Let b = -35 + h. What is the tens digit of b?
2
Suppose 2*g - 686 = -c - 4*c, 0 = 4*c + 4*g - 544. What is the tens digit of c?
3
Let g = 35 - 27. Suppose -2*c = -4*w - 66, 5*c - g = 5*w + 132. What is the units digit of c?
3
Let t be 3 + 2/(2/(-171))*1. What is the hundreds digit of 10/(-15)*-6 - t?
1
Let y = -116 + 117. Let h(q) = -q + 1. Let s(b) = 19*b + 2. Let a(n) = -6*h(n) + 3*s(n). What is the tens digit of a(y)?
6
Let h = 58 + 222. What is the units digit of h?
0
Let n(m) = 11*m + 1. Let q be n(4). Suppose 3*u + 18 = q. What is the units digit of (-24)/(0 + u/(-24))?
4
Suppose 2*x + f + 220 = -2*x, -2*f = -8. Let d = -130 - x. Let h = d + 107. What is the units digit of h?
3
Let m be 22/77 - (-40)/7. Let b = m + 77. What is the units digit of b?
3
Suppose 6*v - 442 = 4*v. What is the tens digit of v?
2
Let n(b) = -b**2 + 13*b - 13. Let g(f) = -f - 3. Let v = -18 - -6. Let y be g(v). What is the tens digit of n(y)?
2
Let z(g) = -12*g + 80. Let n be z(7). Let o(x) = -7*x**2 + 2*x - 4. Let l be o(-4). What is the tens digit of (l + -4)/n + 2?
3
Let j(h) = 4*h**2 + 6*h - 10. Let g be j(8). Suppose -2*w - 615 = -4*w - o, 4*o = w - g. What is the tens digit of (-4)/(-10) - w/(-10)?
3
Suppose -892 = -2*p + w, -4*w - 2154 = -5*p + 82. What is the hundreds digit of p?
4
Let j = 4175 - 2398. What is the hundreds digit of j?
7
Suppose 0*o - 4*o - 89 = 3*g, -5*g - 195 = -5*o. Let c = g + 107. What is the units digit of c?
2
What is the hundreds digit of 18554/4 + ((-372)/(-24))/(-31)?
6
Let o = 9 - 4. Suppose -a = o*h - 41, 0 = -a - h - h + 41. What is the tens digit of a?
4
Suppose -72 = 4*a - 3*w, 2*w = 3*a + 38 + 16. Let p = a + 20. Suppose 3*c = 2*y, 4*c = -p*y + 38 - 10. What is the units digit of y?
6
Let q(d) = d**2 + d + 1. Suppose 0 = -2*v + 4, 2 = 2*w - 4*w + 3*v. Let y be w/6 - 5/(-3). What is the units digit of q(y)?
7
Let f = 17 - 12. Suppose -225 - 220 = -f*b. What is the tens digit of b?
8
Suppose -3*a + 3 = -3*y, 2*y - 4*y + 6 = 0. Suppose -v = a*v - 115. What is the units digit of v?
3
Let j be 9/(-15) + 28/5. Suppose 3*k - 16 = -5*f, -11 = -j*f - k + 11. Suppose 0 = -2*q + 4*x + 44, 3*q - 67 = f*x - 0. What is the tens digit of q?
2
Let j = -20 - 28. Let d = -32 - j. What is the units digit of d?
6
Suppose -k + 2*y + 17 = -154, -2*k + 354 = 2*y. What is the hundreds digit of k?
1
Suppose a - 2*d + 584 = 6*a, 0 = -d - 3. Let o be 7/49 - a/(-7). Let z = -5 + o. What is the units digit of z?
2
What is the tens digit of (-42)/4*(-59 + 11)?
0
What is the tens digit of (-5)/(10/3) + 8274/12?
8
Suppose 2*i - 986 = -c, -3*c + 1042 + 1915 = 5*i. Suppose -c = -71*w + 67*w. What is the tens digit of w?
4
Let y be (-3 - (-3 - 1))*0. Suppose x - 89 + 23 = y. What is the units digit of x?
6
Let g(w) = -3*w + 19. Let h be g(7). What is the units digit of (h + 180)*(-1)/(-10)*5?
9
Suppose 0*n - 4*n - 24 = 0. Suppose v - 23 = 6*i - 2*i, -5*v = 5*i + 10. What is the units digit of (1/v)/(n/(-288))?
6
Suppose 0*w = 3*w - 90. Suppose -w = -6*c + c. What is the units digit of (-8)/c*165/(-22)?
0
Let r(w) = w - 1. Let d(c) = c**3 + 16*c**2 - 11*c - 30. Let k(s) = -d(s) + 4*r(s). What is the units digit of k(-17)?
0
Let p = -22 - -24. Suppose -2*t + p*a = -20, -2*a = -4*t + t + 29. What is the units digit of (-98)/(-21) - 6/t?
4
Suppose 0 = 4*l + l + 30. Let g = 1 - l. Suppose g*m - 45 = 4*m. What is the units digit of m?
5
What is the hundreds digit of -8*9/252 - 5945/(-7)?
8
Suppose 4*i - 5 = 15. Suppose 3*l = -l - d + 211, -l - i*d = -67. What is the tens digit of (-1)/((0 - 2)/l)?
2
Suppose -9*w = -4413 - 5748. What is the units digit of w?
9
Suppose -82*o + 175680 = -121816. What is the units digit of o?
8
Let a = 26 - 23. Suppose -a*k - 34 = -2*p, -3*p = k - 6*k - 53. What is the tens digit of (5/2)/(p/132)?
3
Let w = -736 + 1251. Let t = -318 + w. What is the units digit of t?
7
Suppose -2*v = v - 1584. Suppose 3*a + v = 7*a. What is the hundreds digit of a?
1
Let q(b) = b**3 - 5*b**2 - 6*b - 12. Suppose -21*w + 25*w - 24 = 0. Let a be q(w). Let g = -9 - a. What is the units digit of g?
3
Suppose 53*w = -14582 + 228808. What is the hundreds digit of w?
0
Let u(n) = -1. Let k(a) = -a**2 + 4*a. Let m(h) = -k(h) - 5*u(h). Suppose 0*q - 25 = -5*q. What is the units digit of m(q)?
0
Suppose 0 = -0*j - 6*j - 1134. Let a = j + 271. What is the units digit of a?
2
Suppose -5*p + 552 + 5518 = 0. What is the thousands digit of p?
1
Suppose -89 - 99 = -w. Suppose -j + 3*j = -w. What is the units digit of j/(-5) + (-7)/(-35)?
9
Let p(d) = 1425*d + 13. What is the tens digit of p(1)?
3
Let p be (2 + (1 - 2))*5. Let b(s) = 0*s + 3 - 4*s + p*s. What is the units digit of b(4)?
7
Let z(k) = -23*k**3 - k**2 + k + 5. Let s be -4 - -2 - 0/(-2). What is the hundreds digit of z(s)?
1
Let q(r) = -r**3 - r**2 - r - 1. Let z be q(-2). Let k be (z/(-1))/((-2)/2). Suppose j = -w - 3*j + 45, 5*w -